-2 is divided by k(4).
17
Let k(t) = 11*t**2 + 77*t + 14. Calculate the remainder when 27 is divided by k(-7).
13
Suppose -32178 = 1631*n - 1645*n + 78086. What is the remainder when n is divided by 39?
37
Let d = -33 - -36. Suppose -4 - 11 = -d*k. Suppose -5*t = 4*j - 5*j - 190, 4*j - 215 = -k*t. Calculate the remainder when t is divided by 20.
19
Let b be 5/((-5)/230*2). Let u = -40 + b. Calculate the remainder when (u + -1)*3/(-9) is divided by 18.
16
Let w(i) = -106*i + 2158. What is the remainder when w(19) is divided by 130?
14
Suppose w + 1 = 2*w + 4*u, 43 = 3*w + 4*u. Suppose -14*d = -w*d + 1316. Let l = 84 - 36. What is the remainder when d is divided by l?
44
Let j = 14159 - 13994. Calculate the remainder when j is divided by 53.
6
Let h(q) = 2*q**3 + 110*q**2 + 102*q - 53. Calculate the remainder when 483 is divided by h(-54).
212
Let r(z) = z**3 - 23*z**2 + 131*z - 43. What is the remainder when 1827 is divided by r(15)?
119
Suppose -42*t + 66543 = 3459. Calculate the remainder when t is divided by 152.
134
Let y(t) = t**2 + 2*t - 7. Let m be y(-6). Let i = 9 - m. Calculate the remainder when (10/i)/(8/(-192)) is divided by 11.
8
Let h be 1/(-3 - 176/(-60)). Let f(a) = a**3 + 16*a**2 + 11*a - 50. What is the remainder when (-2)/(-5) - (-128)/5 is divided by f(h)?
6
Let t(j) = 30*j + 521. Calculate the remainder when 737 is divided by t(-16).
40
Let y be ((-108)/15)/((-3)/(-60)*2). Let l be (-2)/(-6) - 63/27. Calculate the remainder when y/(-6)*l/(-3) is divided by 5.
3
Suppose 4*h = 16*p - 13*p - 820, -3*h = -15. What is the remainder when p is divided by 49?
35
Let f(h) = -2*h + 55. Let j = -22 - -59. What is the remainder when j is divided by f(21)?
11
Let b be -5*(1/5)/(4/(-76)). Let g = b + 5. Calculate the remainder when 93 is divided by g.
21
Let o be 88/40 - 2/10. Let z = 57 + -28. Suppose o*x - z = 7. Calculate the remainder when 70 is divided by x.
16
What is the remainder when 5983 is divided by -62 + 67 + 73*1 - 10?
67
Calculate the remainder when (-3 + 69/4)*(-10 + 14 - -8) is divided by 65.
41
Suppose 4870 = 490*b - 10320. What is the remainder when 2 - -1*4*53 is divided by b?
28
Let t = -184 - -89. Let m = t - -146. Let u(x) = 10*x - 19. Calculate the remainder when u(12) is divided by m.
50
Suppose n = -5*p + 5, n = 2*p + 4*n + 11. Calculate the remainder when 262 is divided by p.
0
Let d(g) = g - 13. Let s be d(14). Suppose 0 = -3*j + 35 + s. Let i(l) = -l**2 + 14*l + 26. Calculate the remainder when 97 is divided by i(j).
47
Let v = -798 + 823. Let p(d) = -26*d + 4. Let f(r) = 13*r - 2. Let a(k) = -5*f(k) - 2*p(k). Calculate the remainder when a(-3) is divided by v.
16
Suppose -26 = -2*t + 46. Suppose -3*r = -3*j + 2*r - 5, -3*j + 3*r = -3. What is the remainder when j is divided by ((-5)/(-15))/((-105)/t + 3)?
1
Suppose -171*h + 433314 = 372*h. Calculate the remainder when h is divided by 792.
6
Let p(h) = -h**2 - h - 1. Let b(v) = v**3 - 47*v**2 + 98*v - 112. Let k(x) = -b(x) - 2*p(x). Calculate the remainder when 116 is divided by k(47).
16
Calculate the remainder when 2103 is divided by 5 + -7 + 160 + 12 + -8.
159
Let d(p) = -p**2 + 9*p + 6 + 3*p + p. Suppose -2*k - 2*u = -24, 446*k - 4*u = 447*k - 18. Calculate the remainder when d(10) is divided by k.
6
Suppose -5*n + 365 = -4*d, 30*d - 29*d - 146 = -2*n. Calculate the remainder when 1320 is divided by n.
6
Suppose -5 = -0*p + 5*p, 2*h - 115 = -5*p. What is the remainder when 75 is divided by 216/h*(-60)/(-9)?
3
Suppose 18*t = 15*t - 12. Let j be (t + (-8)/12 - -4)*21. Calculate the remainder when 30 is divided by ((-2)/j)/((-1)/(-7)) - -6.
2
Suppose 237 - 240 = f. Calculate the remainder when 12 is divided by ((-2)/(-8) + f)*-4 + -4.
5
Suppose 34*b - 1849 = 1211. What is the remainder when b is divided by 22?
2
Suppose -8*s - 5*d = -13*s + 2040, 2*s - 801 = -3*d. Calculate the remainder when s is divided by 68.
65
What is the remainder when 900 - (2*(-15)/(-6) + (4 - 9)) is divided by 59?
15
Let n(h) = -27*h + 79. Let x(p) = 2*p - 2. Let u(b) = n(b) - x(b). Calculate the remainder when 272 is divided by u(2).
19
Let i(h) = h**3 + 2*h - 23. Let m be i(0). Suppose 26 = q - 17. What is the remainder when q is divided by (m/3)/(6/(-18))?
20
Suppose -3*w - 5*z - 256 = -3*z, z - 4 = 0. Let o = -68 - w. Calculate the remainder when (o/(-4) - -10) + 125 is divided by 22.
20
Let z = -8 + 46. Let n(p) = 7*p - 38. Let c be (-16)/(-24) - 92/(-6). What is the remainder when n(c) is divided by z?
36
Suppose -2*u + 33 + 5 = 0. Suppose 24*b + 90 = 42*b. Let d(y) = 13*y + 25. What is the remainder when d(b) is divided by u?
14
Let n(v) = -v - 1. Let x(h) = 4*h + 14. Let b(t) = 5*n(t) + x(t). Let c be b(6). Suppose -234 = -c*l + 168. Calculate the remainder when l is divided by 34.
32
Let x be -5*4/10*-4. Calculate the remainder when (-2036)/(-12) - x/12 is divided by 17.
16
Suppose -363 = -9*h + 600. Suppose h = -4*a + 163. What is the remainder when 61 is divided by a?
5
Calculate the remainder when (204 + (-4 - -1))*(-51)/3*-2 is divided by 53.
50
Suppose 3 - 18 = -3*r, 4*j = -r + 21. Suppose 0 = j*h - 18 + 6, -h = 4*o - 199. Calculate the remainder when 634 is divided by o.
46
Suppose b + 18*n = 22*n + 347, -4*b + 5*n = -1388. Calculate the remainder when b is divided by 88.
83
Suppose -229*h - 495 + 2845 = -1543. Calculate the remainder when 7052 is divided by h.
14
Suppose -n = p - 92, -3*n + 271 = -7*p + 9*p. Calculate the remainder when n is divided by 34.
19
Let s = -364 - -371. Suppose 3*m + w + 25 - 105 = 0, -m - w + 30 = 0. What is the remainder when m is divided by s?
4
Suppose -13*v + 81431 = 69497. What is the remainder when v is divided by 153?
0
Let p = -12115 - -12137. Calculate the remainder when 153 is divided by p.
21
Let o(f) be the first derivative of -39*f**2/2 + 76*f - 237. What is the remainder when o(-4) is divided by 41?
27
Let w be -2 - (0 + -1*(-20)/2). What is the remainder when -6 + (-52)/w*15 is divided by 15?
14
Let x(z) = -z**3 + 4*z**2 + 5*z + 4. Let t be x(5). Suppose t*m + 3*i + 18 = 7*m, 0 = -m + 3*i + 2. What is the remainder when 22 is divided by m?
6
Let r(f) = 1026*f - 3063. What is the remainder when 537 is divided by r(3)?
12
Suppose 74*b - 1695 = 3263. What is the remainder when b is divided by 26?
15
Let v be 4/8*(74 + 4). Let l = -28 + v. What is the remainder when 63 is divided by l?
8
Let w(g) = -g**3 + 15*g**2 - 9*g + 15. Let q(f) = -f**2 - 6*f + 7. Let c be q(-5). Calculate the remainder when w(4) is divided by ((-40)/c)/5*-39.
25
Let q = -5298 - -5347. Suppose 3*t - 42 = 4*g, 3*t - 3*g - 19 - 20 = 0. What is the remainder when q is divided by t?
9
Let o(b) = -63*b - 68*b + 128*b. What is the remainder when 69 is divided by o(-8)?
21
Let o(c) = c**2 - c + 24. Let g(f) = -22*f - 138. Let h be g(-4). What is the remainder when 120 - 10/h*-10 is divided by o(0)?
22
Suppose 0*g - 12*g + 204 = 0. Suppose 18 = g*y - 11*y. Suppose -2*n = -39 + y. What is the remainder when 71 is divided by n?
17
Suppose 4*d - 4*o - o - 201 = 0, -5*o = 7*d - 283. Calculate the remainder when 123 is divided by d.
35
Suppose -3*y = -3*n - 662 - 1774, 3252 = 4*y - 2*n. Calculate the remainder when y is divided by 24.
22
Suppose s = -7, -473*b = -468*b + 2*s - 33276. Calculate the remainder when b is divided by 37.
35
Let f = -298 + 628. Suppose 220 = -5*d + f. What is the remainder when 127 is divided by d?
17
Suppose 4*f + q - 7552 = 0, f - 78*q = -79*q + 1894. Calculate the remainder when f is divided by 313.
8
Let d = -2359 + 2456. Let v(j) = 6*j - 9. What is the remainder when d is divided by v(7)?
31
Let c be 11*2/6*3. Suppose 0 = -2*l + c + 15. What is the remainder when 0/(0 - -1) + 35 is divided by l?
9
Let b(d) = 18*d**2 - d + 2. Let f(h) = 8*h**3 + 2*h**2 - 1. Let v be f(1). Let s be 7/v - 16/(-72). What is the remainder when 34 is divided by b(s)?
15
Suppose -5*f + 24 + 41 = 5*v, -v = -3*f + 23. Suppose i - 35 = -2*z, f*z - 8*z = 4*i - 131. Calculate the remainder when 263 is divided by i.
32
Let y be (2 + (-2)/4)/(3/20). Let b be (-52)/y + (-56)/70. Calculate the remainder when 16 is divided by (-1)/b + (-58)/(-12).
1
Let v = -5 - -10. Suppose p - 5*g = -582 + 569, -2*p = 3*g - 13. Suppose 5*j = -10, v*i + p*j - 163 = j. What is the r